he ten thousands digit of 5519677?
1
What is the hundred thousands digit of 7420903?
4
What is the hundred thousands digit of 24589343?
5
What is the thousands digit of 242835?
2
What is the units digit of 222593?
3
What is the units digit of 8349284?
4
What is the units digit of 271288?
8
What is the thousands digit of 1837602?
7
What is the millions digit of 39844332?
9
What is the hundreds digit of 401856?
8
What is the hundred thousands digit of 2959599?
9
What is the ten millions digit of 18109539?
1
What is the millions digit of 2026685?
2
What is the thousands digit of 3514187?
4
What is the tens digit of 1114280?
8
What is the millions digit of 1419686?
1
What is the hundreds digit of 1914223?
2
What is the units digit of 123405?
5
What is the units digit of 1291727?
7
What is the tens digit of 9618169?
6
What is the hundreds digit of 14877649?
6
What is the millions digit of 3736641?
3
What is the thousands digit of 90557?
0
What is the hundred thousands digit of 106190?
1
What is the millions digit of 3043719?
3
What is the hundreds digit of 172376?
3
What is the ten thousands digit of 568475?
6
What is the hundred thousands digit of 12548589?
5
What is the ten thousands digit of 7356135?
5
What is the tens digit of 3941158?
5
What is the ten thousands digit of 2475679?
7
What is the hundreds digit of 14512271?
2
What is the tens digit of 149487?
8
What is the tens digit of 144718?
1
What is the hundreds digit of 814340?
3
What is the hundreds digit of 1081811?
8
What is the hundreds digit of 1006849?
8
What is the units digit of 4699146?
6
What is the tens digit of 1083882?
8
What is the tens digit of 358487?
8
What is the millions digit of 1879016?
1
What is the ten thousands digit of 2703827?
0
What is the hundreds digit of 813786?
7
What is the hundreds digit of 1305058?
0
What is the ten thousands digit of 363556?
6
What is the tens digit of 116856?
5
What is the hundred thousands digit of 2003618?
0
What is the hundred thousands digit of 8870320?
8
What is the ten thousands digit of 1535668?
3
What is the units digit of 12032?
2
What is the hundreds digit of 157849?
8
What is the units digit of 201312?
2
What is the millions digit of 2175242?
2
What is the tens digit of 2252648?
4
What is the tens digit of 706677?
7
What is the tens digit of 349680?
8
What is the thousands digit of 6447531?
7
What is the hundred thousands digit of 2374442?
3
What is the hundred thousands digit of 173732?
1
What is the millions digit of 1764363?
1
What is the ten thousands digit of 9922133?
2
What is the units digit of 2745890?
0
What is the hundreds digit of 20044536?
5
What is the ten thousands digit of 53048?
5
What is the millions digit of 1198820?
1
What is the hundreds digit of 1611317?
3
What is the hundred thousands digit of 231674?
2
What is the hundreds digit of 2213880?
8
What is the tens digit of 839853?
5
What is the hundred thousands digit of 14741317?
7
What is the millions digit of 4511488?
4
What is the hundreds digit of 34748166?
1
What is the hundred thousands digit of 146290?
1
What is the tens digit of 401520?
2
What is the ten thousands digit of 22262014?
6
What is the tens digit of 4356248?
4
What is the ten thousands digit of 85950?
8
What is the tens digit of 1644394?
9
What is the hundreds digit of 693514?
5
What is the tens digit of 3372237?
3
What is the units digit of 1325400?
0
What is the hundreds digit of 200885?
8
What is the units digit of 933970?
0
What is the thousands digit of 827619?
7
What is the hundreds digit of 10538286?
2
What is the thousands digit of 2576853?
6
What is the thousands digit of 87852?
7
What is the thousands digit of 3070233?
0
What is the hundreds digit of 415485?
4
What is the thousands digit of 3114753?
4
What is the millions digit of 5924225?
5
What is the units digit of 13868642?
2
What is the thousands digit of 215680?
5
What is the thousands digit of 179635?
9
What is the ten thousands digit of 833632?
3
What is the tens digit of 29628244?
4
What is the tens digit of 540763?
6
What is the ten thousands digit of 814668?
1
What is the hundreds digit of 5806077?
0
What is the tens digit of 6483642?
4
What is the ten thousands digit of 5264328?
6
What is the tens digit of 358377?
7
What is the ten thousands digit of 197716?
9
What is the thousands digit of 799859?
9
What is the tens digit of 3141478?
7
What is the units digit of 4099939?
9
What is the hundreds digit of 4787202?
2
What is the units digit of 707523?
3
What is the hundred thousands digit of 268124?
2
What is the units digit of 980849?
9
What is the hundred thousands digit of 1404434?
4
What is the hundred thousands digit of 1717909?
7
What is the units digit of 453519?
9
What is the tens digit of 10594818?
1
What is the ten thousands digit of 26425380?
2
What is the units digit of 2566369?
9
What is the units digit of 930218?
8
What is the thousands digit of 406498?
6
What is the hundred thousands digit of 5821158?
8
What is the tens digit of 373577?
7
What is the units digit of 2214073?
3
What is the units digit of 334136?
6
What is the units digit of 25242631?
1
What is the thousands digit of 13866476?
6
What is the ten thousands digit of 31454?
3
What is the thousands digit of 52804?
2
What is the thousands digit of 1073292?
3
What is the hundred thousands digit of 17786626?
7
What is the hundreds digit of 1256672?
6
What is the ten thousands digit of 84441?
8
What is the units digit of 3339672?
2
What is the thousands digit of 579008?
9
What is the ten thousands digit of 7099314?
9
What is the units digit of 361110?
0
What is the hundred thousands digit of 131095?
1
What is the hundreds digit of 214093?
0
What is the hundreds digit of 550752?
7
What is the hundreds digit of 105727?
7
What is the hundreds digit of 194550?
5
What is the hundred thousands digit of 443280?
4
What is the units digit of 1217802?
2
What is the thousands digit of 3323441?
3
What is the units digit of 23231?
1
What is the thousands digit of 4523275?
3
What is the millions digit of 13584068?
3
What is the tens digit of 529258?
5
What is the thousands digit of 306832?
6
What is the units digit of 8496022?
2
What is the thousands digit of 7821152?
1
What is the units digit of 457045?
5
What is the millions digit of 5987118?
5
What is the hundreds digit of 43346?
3
What is the units digit of 2285988?
8
What is the millions digit of 12295323?
2
What is the units digit of 9453350?
0
What is the hundred thousands digit of 23915308?
9
What is the units digit of 61746?
6
What is the hundreds digit of 889766?
7
What is the tens digit of 28574138?
3
What is the hundred thousands digit of 1454155?
4
What is the hundreds digit of 3050078?
0
What is the hundreds digit of 9417718?
7
What is the hundred thousands digit of 22783111?
7
What is the ten thousands digit of 516365?
1
What is the tens digit of 3570326?
2
What is the ten thousands digit of 1532362?
3
What is the thousands digit of 4462963?
2
What is the hundred thousands digit of 31733135?
7
What is the thousands digit of 16724?
6
What is the hundreds digit of 1250224?
2
What is the millions digit of 4142477?
4
What is the hundreds digit of 166081?
0
What is the thousands digit of 5901615?
1
What is the thousands digit of 2970143?
0
What is the units digit of 26736?
6
What is the hundreds digit of 161376?
3
What is the thousands digit of 2160189?
0
What is the hundreds digit of 3317842?
8
What is the hundred thousands digit of 311803?
3
What is the millions digit of 2179142?
2
What is the thousands digit of 2799302?
9
What is the thousands digit of 13419047?
9
What is the hundred thousands digit of 470557?
4
What is the hundred thousands digit of 1274936?
2
What is the ten thousands digit of 1322545?
2
What is the ten thousands digit of 2422428?
2
What is the hundreds digit of 430501?
5
What is the millions digit of 3333888?
3
What is the hundred thousands digit of 20271262?
2
What is the ten millions digit of 21734999?
2
What is the thousands digit of 1126808?
6
What is the units digit of 670283?
3
What is the tens digit of 236697?
9
What is the thousands digit of 215957?
5
What is the tens digit of 4563150?
5
What is the ten thousands digit of 16844069?
4
What is the thousands digit of 505245